 (-9 - -2)).
8
Let s(r) be the first derivative of r**4/4 + 4*r**3/3 - r**2 - 6*r - 2. Calculate the remainder when 2 - -1 - 1/2*0 is divided by s(-4).
1
Calculate the remainder when (4/6)/1 - (-40)/3 is divided by 8.
6
Let u(t) = -11*t + 2. What is the remainder when u(-3) is divided by 12?
11
Let y(l) = -l - 5. Let o be y(-5). Suppose -2*x + 6 = -o. Suppose 0 = x*v - 46 + 1. Calculate the remainder when 44 is divided by v.
14
Suppose 5*u = 19 + 11. Suppose u = -2*r + 60. Suppose -3*y + 18 + r = 0. Calculate the remainder when 28 is divided by y.
13
Let s = 9 - 3. What is the remainder when -5 + 95/20 - 65/(-4) is divided by s?
4
Suppose -3*n - 80 = -11*n. Calculate the remainder when 29 is divided by n.
9
Suppose -2*a - 6 = a, -3*a - 117 = -3*v. What is the remainder when v is divided by 8?
5
Let m be (3/9)/(3/279). Let n(z) = -z + 5. Let l be n(4). Suppose -2*h - l = -m. Calculate the remainder when h is divided by 4.
3
Let r(s) = 3*s - 1. Let u be r(2). Suppose -3*x + 9 = 3*g + 3, g - 2*x - u = 0. Let h(o) = 3*o**2 - o - 2. Calculate the remainder when h(2) is divided by g.
2
Suppose -60 - 120 = -5*h. Suppose 0 = 4*d + d - 95. What is the remainder when h is divided by d?
17
Suppose -40*k = -35*k - 30. Calculate the remainder when 23 is divided by k.
5
Suppose 3*a - 9 - 11 = -j, -5*a + 3*j + 38 = 0. Suppose -6*c + 52 = 2*i - 3*c, 4*c = -2*i + 56. Calculate the remainder when i is divided by a.
6
Suppose -14 + 2 = -4*l. What is the remainder when 5 is divided by l?
2
Let q(w) = 11*w**2 + 7. Calculate the remainder when q(-4) is divided by 46.
45
Suppose 64 = 2*h - 3*s, -3*h + 118 = h - s. Calculate the remainder when h is divided by 10.
9
Let q = 161 + -98. Calculate the remainder when q is divided by 16.
15
Suppose 4*p + 2*g - 5 = g, -4*g = -5*p + 22. Let z be (-4)/(-10) + 64/40. Calculate the remainder when 51 is divided by 13 + p + z + -4.
12
Suppose 0 = m - 4 - 19. Let w = 28 - 16. What is the remainder when m is divided by w?
11
Suppose y = 5*y - 108. Let z = 10 - 7. Suppose z*r - 53 = -11. What is the remainder when y is divided by r?
13
Suppose -4*i + 13 = 1. Suppose 2*n - 30 = -5*d, i*d - 23 = -n - 7. Let u(m) = 2*m**2 + 4*m - 12. What is the remainder when u(-5) is divided by n?
8
Suppose -3*m - 24 = -d - 0*d, -d - 4*m + 17 = 0. Let n = d + -13. What is the remainder when 15 is divided by n?
7
Let n = 13 - -1. Suppose -z - 16 = -5*z. Calculate the remainder when (49/n)/(1/2) is divided by z.
3
Let l(o) = 8*o + 7. Let s(v) = -v**2 - 6*v - 1. Let r be s(-4). What is the remainder when l(r) is divided by 13?
11
Let g(f) = -4 + 2*f**3 + 0 - 2 + 2 - 3*f. What is the remainder when g(3) is divided by 14?
13
Suppose 4*l - 3*l = -3*d + 14, 98 = 4*l - 2*d. Calculate the remainder when l is divided by 13.
10
Suppose -8*b + 24 = -6*b. What is the remainder when b is divided by 3?
0
Calculate the remainder when 21 is divided by (2*6)/(-2 + 3).
9
Suppose 0 = 5*m - 26 - 9. What is the remainder when 8 is divided by m?
1
Suppose -5*k = 2*w - 29, 2*k + 16 = w + 6*k. What is the remainder when 35 is divided by w?
11
Let d(k) = k + 8. Let m be d(-5). Suppose m*a - 44 = -a. What is the remainder when a is divided by 6?
5
Let h = -43 - -58. Calculate the remainder when 44 is divided by h.
14
Let h = 5 + -5. Suppose h = 3*m + m. What is the remainder when 2/6*3 - m is divided by 1?
0
Let z = -328 + 339. Let b(y) = 6*y**2 - 5*y + 2. What is the remainder when b(3) is divided by z?
8
Suppose 2*k + 54 - 150 = 0. Let o = 106 + k. Suppose -4*z + o = 54. What is the remainder when z is divided by 13?
12
Suppose -3*f = -7*f + 84. What is the remainder when 83 is divided by f?
20
Suppose 29*f = 37*f - 56. What is the remainder when 40 is divided by f?
5
Suppose -2*b = 5 - 15. Suppose -r - 2*w + 109 = 4*r, b*r - 106 = -3*w. Calculate the remainder when 44 is divided by r.
21
Let a(t) = t - 2. Let y be a(5). Suppose -4*i = -5*u + 44, -4*i - 8 = -3*u + 12. Suppose -3*j + u = y. What is the remainder when 7 is divided by j?
1
Let i be ((-24)/14)/((-2)/21). Suppose -i + 6 = -4*b. Suppose -3*d + 0*d + b = 0. What is the remainder when 1 is divided by d?
0
Let l be (-12)/9*315/(-6). Suppose 2*t - l = -3*t. Let c(h) = 3*h + 4. What is the remainder when c(7) is divided by t?
11
Let a(g) = g**2 - 7*g - 6. What is the remainder when 6 is divided by a(8)?
0
Let z = 3 + -4. Let s = 0 - z. Calculate the remainder when 11 is divided by (3/4)/(s/8).
5
Let t(p) be the third derivative of -p**5/60 - p**4/6 + 4*p**2. Calculate the remainder when (1 - 0)/((-1)/(-7)) is divided by t(-3).
1
Let g(z) = -z**3 + 5*z**2 + 17*z - 8. What is the remainder when 38 is divided by g(7)?
12
Suppose 0*d = -3*d + 36. Let g be 10/(-4) + 2/4. Calculate the remainder when 0 + g - 25/(-1) is divided by d.
11
Let f = 18 + 13. What is the remainder when 87 is divided by f?
25
Suppose p = -9 + 36. Let r(b) = 5*b - 6. What is the remainder when p is divided by r(4)?
13
Let l be (1 - 2)/(7/(-14)). Let h = -5 + l. Calculate the remainder when 20 is divided by 10 + 4/(4/h).
6
Let o = -22 - -46. What is the remainder when 64 is divided by o?
16
Let o = -52 + 75. What is the remainder when o is divided by 13?
10
Suppose 69 + 66 = -r + 3*c, -2*r - 3*c - 288 = 0. Calculate the remainder when r*(-1 - 4/(-6)) is divided by 12.
11
Let z = 16 - -8. What is the remainder when z is divided by 9?
6
Let s = -2 + 2. Suppose 3*c - 28 = -3*v + 2*v, -c + 4*v + 18 = s. What is the remainder when c is divided by 4?
2
Let a(c) = c**2 + 2*c - 2. Suppose 25 = -4*w - w, -w = 2*b - 1. Let j be a(b). Suppose 4*t - 7 - j = 0. Calculate the remainder when 9 is divided by t.
4
Let c(m) = 2*m**3 - 6*m**2 + 7*m - 6. Calculate the remainder when c(4) is divided by (2/(-3))/((-1)/21).
12
Suppose p - 4*p + 298 = -2*y, -4*p + 3*y = -398. Calculate the remainder when p is divided by 25.
23
Calculate the remainder when 3 + (-396)/(0 - 3) is divided by 34.
33
Let j = 17 - 9. What is the remainder when j is divided by ((-2)/(-4))/((-3)/(-18))?
2
Let v be ((-6)/(-12))/((-2)/(-140)). Suppose -4*z = 16, 5*l - 2*z - v = 4*l. What is the remainder when l is divided by 15?
12
Let s = -5 - -9. Calculate the remainder when (-66)/(-4)*s/3 is divided by 12.
10
Let r = -17 - -11. Let v(t) = t**3 - 2 + 5*t**2 + 0*t + 0*t - 8*t. Calculate the remainder when v(r) is divided by 4.
2
Suppose -q + 168 + 93 = 4*l, -3*l + 3*q + 207 = 0. Let c(t) = -t**2 - 10*t - 1. Calculate the remainder when l is divided by c(-6).
20
Suppose -4*v = b - 46, -3*v - 2*v + 95 = 2*b. What is the remainder when b is divided by 26?
24
Let i(s) = -s**3 + s + 2 - 3*s**2 - 2. Let g be i(2). What is the remainder when (-92)/(-9) - (-4)/g is divided by 4?
2
Let l = -81 - -177. Calculate the remainder when l is divided by 14.
12
Suppose -2*m = -5*j + 4*j - 78, 4*j - 78 = -2*m. Calculate the remainder when m is divided by 23.
16
Suppose -88 = -4*v + 5*h, -6*h + 2*h + 70 = 2*v. What is the remainder when v is divided by 6?
3
Let m(h) = 4*h + 14. Let r(d) = -5*d - 15. Let b(s) = 3*m(s) + 2*r(s). Calculate the remainder when b(-5) is divided by 2.
0
Suppose -3*b + 5*x + 46 = 0, 8*x + 10 = 3*x. Suppose -11 = -0*k - k - 4*o, 5*o - 5 = 0. Calculate the remainder when b is divided by k.
5
Let v(o) be the second derivative of o**4/6 + 5*o**3/3 + 5*o**2 - 2*o. Calculate the remainder when v(-7) is divided by 10.
8
Let f = -17 + 41. Suppose 0*s - 3*s = -39. Calculate the remainder when f is divided by (2 + -5)*s/(-3).
11
Suppose -8 = -2*n, -4*h - 5*n + 48 = -n. Calculate the remainder when 30 is divided by h.
6
Suppose 67 = 5*h - 8. Let u = -162 + 170. Calculate the remainder when h is divided by u.
7
Let r = -12 - -16. Suppose -c + 139 = r*a, -7*a + c = -3*a - 133. Calculate the remainder when a is divided by 7.
6
Suppose 2*j + 3*l = 19, 4*j - 55 - 28 = 3*l. Let t = -18 - -50. Calculate the remainder when t is divided by j.
15
Suppose 6 = 3*x - 93. What is the remainder when 98 is divided by x?
32
Let s = 14 + -16. What is the remainder when 37 is divided by (-25)/s - (-2)/4?
11
Let n = 192 + -129. Let h = -26 + n. Calculate the remainder when h is divided by 10.
7
Suppose 3 + 7 = 5*j - g, 0 = 4*j - 5*g - 8. Calculate the remainder when j is divided by ((-2)/(-5))/((-1)/((-20)/4)).
0
Let m(n